digit of f?
1
Let k(s) = s**3 - 10*s**2 + 9*s + 6. Let g be (-18)/(-1) + (0 - 0). Suppose n = -n + g. What is the units digit of k(n)?
6
Let c(t) = -t**2 + 10*t - 1. What is the units digit of c(9)?
8
Let u(p) = -p**2 - p + 38. What is the tens digit of u(0)?
3
Suppose 3*j + 3 = -0*j. Let l = j + 2. What is the units digit of l?
1
Let k be (-1066)/(-10) - (-6)/(-10). Suppose 0 = -j - 4*v + 38, -3*v - v + k = 3*j. Suppose 5*x - 6 = j. What is the units digit of x?
8
Let k(y) = -9*y + 3 + y**2 - 3. Let a be k(9). Suppose -2*q + 10 = 5*i, -3*i + 6 = 2*q - a*q. What is the units digit of i?
2
What is the units digit of (1494/(-5))/(-3) - (-3)/(-5)?
9
Suppose -3*z - 2*z = 10. Let f = 2 - z. What is the units digit of f?
4
What is the units digit of -1 + 0 - (-6 - -3)?
2
Let s(r) be the first derivative of -r**4/12 - 5*r**3/6 + 2*r**2 + 2*r - 1. Let v(a) be the first derivative of s(a). What is the units digit of v(-5)?
4
Suppose -g = 5*b - 62 - 104, 5*b = -25. What is the tens digit of g?
9
Let g(j) be the third derivative of j**5/20 + j**4/24 - 2*j**2. Let v be g(1). Suppose s - p = 0, s - 2*p = -v*p + 9. What is the units digit of s?
3
Let p(a) = a**2 + 3. Let f be p(0). Suppose -28 = -x - f*x. Suppose j + 5*y = -x, 5*y + 98 = 5*j + 13. What is the units digit of j?
3
Let d = -95 - -49. Let g = d + 68. Suppose -3*p + g = 4. What is the units digit of p?
6
Let g be 1/(-3) + (-14)/(-6). Let a be g + (-5 - (-2)/(-2)). What is the units digit of -6*(-2)/a*-1?
3
Let y(g) be the third derivative of -g**2 + 3/2*g**3 - 7/24*g**4 + 1/60*g**5 + 0*g + 0. What is the units digit of y(6)?
3
Suppose 5*b + 17 = -d, 2*d - 41 + 0 = 5*b. What is the units digit of d?
8
Let s = 26 + -22. What is the units digit of s?
4
Let g(c) = c**2 + 3*c + 6. Let d(v) = v**3 - 8*v**2 - 8*v - 13. Let n be d(9). What is the tens digit of g(n)?
1
Let z = 925 - 633. What is the tens digit of z/16 - 9/(-12)?
1
Suppose -3*q + 4*s = -40, 3*q - 50 = -s - 15. What is the tens digit of q?
1
Suppose -27 + 12 = 5*p. Let j be (0/(-3) - -13) + -2. Let s = p + j. What is the units digit of s?
8
Let g(t) = 3*t**3 - 2*t**2 - 2*t. Suppose -2*i + 8 = 2*i. What is the tens digit of g(i)?
1
Suppose 5*j = 2*j + 927. What is the hundreds digit of j?
3
Let t(o) = -o + 1. What is the units digit of t(-13)?
4
Let z be (54/15)/(6/135). Suppose t - 18 = -2*n, -4*t - 2*n + 3*n = -z. What is the tens digit of t?
2
Suppose -2*u - u = -33. Let g be u/4 - (-1)/4. Suppose o - g = -2*o. What is the units digit of o?
1
Suppose -5*b = -8*b. Let t = 17 - b. What is the tens digit of t?
1
Suppose z + 3*y + 8 - 33 = 0, y = 3*z - 35. Let n = 2 + z. Let a = n - -5. What is the tens digit of a?
2
Let b = -142 + 195. What is the tens digit of b?
5
Let m = 2 + 4. Let f = m + -2. Suppose 4*x = 3*u - 52, 0 = -4*u - 2*x + f*x + 66. What is the tens digit of u?
1
Suppose 4*w - 4*p - 16 = 0, 3*w + 3 - 1 = -4*p. Let o be (20/(w - 0))/2. What is the units digit of ((o - -2) + 2)*1?
9
Let f(y) = -y**3 - 4*y**2 + 4*y - 17. What is the hundreds digit of f(-9)?
3
What is the units digit of 788/12 - (-8)/(-12)?
5
Suppose -4*y + 10 = -22. Suppose y*u = 11*u - 12. Suppose -u*p + 57 = 1. What is the tens digit of p?
1
Let r(d) = d + 1. Let y be r(6). Suppose 2*k - 3*v = y, 4*k + 4*v = 3*v + 21. What is the units digit of k?
5
Suppose 0*f + 3*f - 108 = 0. Suppose 5*a + 121 = f. Let g = a + 26. What is the units digit of g?
9
Let i(x) = -x + 20. Let j(b) = b + 11. Let g be j(-12). Let k = g + 1. What is the tens digit of i(k)?
2
Let h be 0/5 - (1 + -1). Suppose h*i = i - 23. What is the tens digit of i?
2
Let l(t) = t**2 - 3*t + 4. Let m be l(5). Let p be 7/m*(11 + -1). Suppose p*x = -4*s + 1 - 3, -2 = 2*x + 2*s. What is the units digit of x?
2
Let f = 18 + -6. Let w = f - -14. Suppose 7*h - 18 = -d + 4*h, w = 2*d + h. What is the units digit of d?
2
Let m(v) = 4*v**2 + 8*v - 30. What is the tens digit of m(9)?
6
What is the units digit of (-16)/(-360)*-3 - 2447/(-15)?
3
Suppose -2*x = 2*c + 760, -2*c + 2*x = c + 1160. What is the units digit of (-1)/(-3) + c/(-36)?
1
Let p = 0 + 4. Suppose 12 = -2*n - 5*l - 3, -4*l = -p*n + 12. Suppose -4*b + 37 - 5 = n. What is the units digit of b?
8
Suppose -2*x + 2*v = -x + 1, -5*v = 0. Let m = x + 3. What is the units digit of m?
2
What is the tens digit of (52/5)/(30/75)?
2
Let x(c) = c**3 - c**2 + c. Let z(n) = -3*n**3 - 2*n**2 + 2*n - 2. Let b(w) = 4*x(w) + z(w). What is the units digit of b(6)?
4
Suppose -3*k = -3*h - 117, -3*k - 3*h + 109 = -38. What is the units digit of k?
4
Suppose -2*s = -6 - 32. Let n = s - 4. What is the units digit of n?
5
Suppose -w + 2 + 2 = 0. Suppose -3*s - w*o = 2, 3*o = -3*s - 2*s + 15. What is the units digit of s?
6
Suppose -j = -0 - 5. Suppose -5 = x + 3*p, j*p = -5*x + 2*p + 11. Suppose 5 - 21 = -x*q. What is the units digit of q?
4
Suppose 0 = 39*v - 31*v - 1272. What is the tens digit of v?
5
Let s be (-3)/(-2 - (-1)/2). Suppose -s*o + 3 = -3. Suppose o*y = -2*y + 5*j + 15, -7 = -y + 3*j. What is the units digit of y?
1
Suppose 4*h = 7*h - 207. What is the units digit of h?
9
Let d(t) = t**3 + 7*t**2 + 7. Let z be 0 - 10 - (6 - 9). What is the units digit of d(z)?
7
Suppose -16 = -5*w - 2*s, 2*w + 2*s = 6*w - 20. Let f(y) = -y**2 + 3*y + 4. Let p be f(4). Suppose q - 2*q + w = p. What is the units digit of q?
4
Suppose -2*r - 3*d + 122 = -r, 0 = -3*r + 2*d + 322. Suppose 5*s - 2*l - r = -5, 3*l = -s + 4. What is the units digit of s?
9
Suppose 0 = -5*l + 5*c + 1330, l - 6*l - 3*c + 1298 = 0. What is the tens digit of l?
6
Let l(y) = y + 2. Suppose 4*g + 13 = 3*z, -3*g + 8 = 5*z - 4. Let n be l(z). Suppose -5*k - 2*v = -100, n*k + v - 81 = 14. What is the tens digit of k?
1
Suppose -5*z = -4*f + 132, 3*f = -4*z - z + 99. What is the tens digit of f?
3
Let v(l) = 5*l - 12. What is the units digit of v(8)?
8
Suppose 2*i + 15 = g, 0*i - i - 3 = -5*g. Let n = -3 - i. What is the units digit of n?
5
Let w(n) = n**2 + n**2 - n**2 - 3 + 3*n. What is the units digit of w(-5)?
7
Suppose z = -z + 10. Suppose 2*n + z*p + 0 = 24, 5*p = -5*n + 30. Suppose -18 = -n*u + 14. What is the units digit of u?
6
Let w be (-6)/(-9) - 22/6. Let n be 6 - w/(9/(-6)). What is the units digit of -1 - n/(-6)*6?
3
Let z(h) = -21*h**3 + 2*h**2 + h - 1. Let g be z(-1). Let k = g - -7. What is the units digit of k?
8
Suppose -5*q + 10*q = 20. Suppose 0 = 4*k - q, -t + 0*t + k = -7. What is the units digit of t?
8
Suppose -3*r = 2 - 5, 2*d + 2 = 2*r. Let z(b) = -b**2 - 9*b + 10. Let h be z(-7). Suppose d = -w - 3*w + h. What is the units digit of w?
6
Suppose 0 = 4*w - 5*w + 6. Let y(l) = -w*l**3 - 7*l**3 - 2 + 3. What is the units digit of y(-1)?
4
Suppose -2*d + 94 = -0*d. What is the units digit of d?
7
Suppose -3*x = -v + 27, x - 32 = -v - x. What is the units digit of v?
0
Let g = -195 + 305. What is the hundreds digit of g?
1
Let c(b) = -b**3 + 4*b**2 + 5*b + 2. Let s be c(5). Suppose -s*o + 16 = 2*o. Suppose o = 4*h + 2*x - 22, -5*x + 23 = 4*h. What is the units digit of h?
7
Suppose -2*t - t - 18 = 0. Let v be (-20)/t + (-2)/(-3). Suppose -v*r + 2 = -2. What is the units digit of r?
1
Let w(h) = h**3 - h**2. Let r(j) = 6*j**3 - j**2 - 2. Let k(q) = -r(q) + 4*w(q). What is the tens digit of k(-3)?
2
Let g be ((-39)/(-13))/((-1)/13). Let b = g + 60. What is the tens digit of b?
2
What is the units digit of (164/(-8))/(10/4 - 3)?
1
Let i be ((-35)/14)/(2/(-32)). Suppose 3 = -p + i. Let k = p - 21. What is the units digit of k?
6
Let y be 9/(-54) - 38/(-12). Suppose 2*z = -i - y*i + 58, i - 2*z = 17. What is the units digit of i?
5
Suppose -2*d - 6 = -20. Suppose 0*g = g - 5*o + d, -3*o + 33 = -3*g. What is the tens digit of (1 + 0 + g)/(-1)?
1
Suppose u - 5*t - 2 = 0, u - 2*t + 3 = 5. Suppose -u*k + 23 = -7. What is the tens digit of k?
1
What is the tens digit of ((-1)/(-2))/(8/944)?
5
Let w = 10 - 5. Let c(s) = -s**3 + 6*s**2 - 5*s + 1. Let q be c(w). What is the units digit of (3 - 1) + (q - 1)?
2
Let f be 18 + -2 + 4 + 1. Suppose 4*r - f = r. What is the units digit of r?
7
Suppose 3*t - 7*t = -8. Suppose 6*q - 2*q + 4 = 0, -5*g + 33 = t*q. What is the units digit of g?
7
Suppose -2*a - 696 = -6*a + 4*m, -a + 4*m + 177 = 0. What is the hundreds digit of a?
1
Suppose 3*w - 54 = -0*